?
1364
Calculate the highest common factor of 161624 and 256.
8
What is the greatest common divisor of 53778029 and 5932?
1483
What is the greatest common divisor of 1062 and 3435924?
354
Calculate the greatest common factor of 83804700 and 70560.
2940
What is the greatest common divisor of 4426391662 and 7238?
7238
What is the highest common factor of 240 and 6304845?
15
What is the greatest common divisor of 89362 and 14239?
491
What is the highest common factor of 30078486 and 113622?
3918
What is the highest common divisor of 2132 and 1776268?
52
Calculate the highest common divisor of 6530304 and 57975.
2319
Calculate the greatest common divisor of 21 and 1748397.
21
Calculate the greatest common factor of 1350364 and 26146.
1538
Calculate the greatest common divisor of 139 and 493904669.
139
What is the greatest common divisor of 391028 and 220?
44
Calculate the highest common factor of 711 and 520776.
9
What is the greatest common factor of 695570 and 1990?
10
Calculate the greatest common divisor of 16933 and 57255311.
2419
What is the highest common divisor of 22506 and 321497?
121
What is the greatest common divisor of 3872 and 622424?
968
What is the highest common divisor of 67588362 and 126?
18
What is the highest common divisor of 11672156 and 608?
76
What is the highest common factor of 81716 and 218?
2
Calculate the highest common divisor of 51037 and 842269.
317
What is the greatest common factor of 2681 and 34745760?
2681
Calculate the highest common divisor of 19569794 and 824.
206
What is the greatest common factor of 29767 and 37286?
103
What is the highest common divisor of 8069 and 4151056705?
8069
What is the greatest common factor of 115 and 68257031?
23
What is the greatest common factor of 124 and 1865735?
31
What is the greatest common divisor of 8684 and 125164663?
2171
What is the highest common divisor of 68400 and 1162344?
456
What is the greatest common divisor of 18175 and 158825?
25
What is the highest common divisor of 96077 and 2407?
29
Calculate the greatest common divisor of 2002463 and 21170.
73
Calculate the greatest common factor of 30740094 and 14.
14
Calculate the greatest common divisor of 1476 and 67260828.
492
What is the greatest common factor of 15087 and 3824202?
141
Calculate the highest common factor of 1705056 and 3696.
48
Calculate the greatest common factor of 133 and 30419529.
7
What is the highest common factor of 69305 and 642115?
835
Calculate the greatest common factor of 17748 and 1713552.
348
What is the highest common divisor of 266 and 119025690?
266
Calculate the highest common divisor of 39058 and 3923674.
662
What is the greatest common divisor of 47808 and 117694?
166
Calculate the highest common factor of 9635 and 888265.
205
What is the highest common factor of 57565413 and 36?
9
What is the greatest common factor of 926926 and 728?
182
Calculate the highest common divisor of 220 and 534200.
20
Calculate the highest common divisor of 2040 and 107355102.
102
Calculate the highest common factor of 163384172 and 13944.
2324
Calculate the greatest common factor of 4407 and 576901.
13
What is the greatest common divisor of 8929980 and 243?
27
Calculate the greatest common divisor of 392418 and 48258288.
9126
What is the highest common divisor of 245042 and 18216?
46
What is the highest common divisor of 816255 and 5148?
99
What is the highest common factor of 9569890 and 10066?
1438
Calculate the highest common factor of 203 and 4404628431.
203
What is the highest common divisor of 108 and 5124336?
12
What is the greatest common factor of 73 and 4114262407?
73
Calculate the highest common divisor of 3978819 and 145359.
279
What is the highest common divisor of 2045 and 2365247?
409
What is the greatest common factor of 66929 and 1486361?
17
What is the greatest common divisor of 8085 and 48447630?
1155
What is the greatest common divisor of 25973 and 11845055?
1367
What is the highest common factor of 496 and 2155058?
62
What is the greatest common divisor of 1532 and 658534796?
1532
Calculate the highest common divisor of 30367891 and 771.
257
Calculate the highest common divisor of 3318100 and 620.
20
What is the highest common factor of 607016 and 254288?
184
Calculate the highest common divisor of 48 and 1365253056.
48
Calculate the highest common factor of 913572 and 132.
132
Calculate the highest common factor of 8844 and 178860.
132
Calculate the greatest common divisor of 11438943 and 130749.
3189
What is the greatest common factor of 118752 and 149664?
96
Calculate the greatest common divisor of 2206 and 2728.
2
What is the highest common divisor of 487981 and 4329?
13
What is the greatest common divisor of 4 and 38030000?
4
What is the greatest common factor of 6 and 13374912?
6
Calculate the highest common factor of 302068624 and 2332.
2332
What is the highest common factor of 11050990 and 3570?
10
What is the highest common factor of 144807993 and 66?
33
Calculate the greatest common divisor of 281813951 and 41.
41
What is the highest common divisor of 30824 and 9091?
1
Calculate the highest common divisor of 2504440 and 3604.
68
What is the greatest common divisor of 360 and 46608840?
360
Calculate the greatest common divisor of 24 and 1026472584.
24
Calculate the greatest common divisor of 4683 and 535900666.
1561
Calculate the highest common factor of 1081724 and 1764.
196
Calculate the highest common factor of 25893959 and 4433.
403
What is the highest common divisor of 613135679 and 299?
299
What is the greatest common factor of 219678 and 1307162?
1558
What is the greatest common factor of 36715400 and 6400?
200
What is the highest common factor of 4373290 and 2?
2
Calculate the greatest common divisor of 7202240 and 1775.
355
What is the greatest common divisor of 184 and 98346344?
184
What is the highest common divisor of 32 and 1384571520?
32
Calculate the highest common factor of 346289047 and 26.
13
Calculate the highest common factor of 4621820 and 82.
2
What is the highest common divisor of 48987246 and 462?
462
Calculate the greatest common divisor of 4920 and 55100310.
1230
What is the greatest common divisor of 189 and 37799811?
189
Calculate the greatest common divisor of 1624 and 1050177.
29
Calculate the highest common divisor of 5466 and 14662545.
2733
What is the highest common factor of 437230 and 2714?
46
What is the greatest common factor of 44 and 16407868?
4
Calculate the greatest common divisor of 9029270 and 100.
10
Calculate the greatest common divisor of 120263041 and 9609.
3203
What is the greatest common divisor of 9135319 and 2378?
29
Calculate the greatest common factor of 3 and 28931687.
1
What is the greatest common divisor of 489218308 and 152?
76
Calculate the greatest common divisor of 5840568 and 216.
72
What is the highest common factor of 1209028839 and 1707?
1707
What is the highest common divisor of 806 and 49894?
26
What is the highest common divisor of 495 and 164946573?
99
What is the highest common factor of 2418 and 4953366?
186
Calculate the greatest common divisor of 2020 and 2654094160.
2020
Calculate the highest common factor of 808277 and 13514.
233
What is the highest common factor of 26528 and 9088?
32
What is the highest common divisor of 1096669 and 50176?
49
Calculate the greatest common factor of 126480 and 164951.
527
Calculate the greatest common factor of 254319997 and 95.
19
Calculate the greatest common factor of 4024 and 44451116.
2012
Calculate the highest common factor of 3484 and 2269692.
268
What is the highest common divisor of 64093 and 4359501?
107
Calculate the greatest common factor of 2792 and 17422.
2
What is the greatest common factor of 256771236 and 36?
12
What is the highest common divisor of 220316 and 548?
4
Calculate the greatest common factor of 504 and 19027218.
42
Calculate the greatest common factor of 559 and 34042541.
559
What is the highest common factor of 2427 and 7645859?
809
What is the highest common factor of 163967715 and 18265?
1405
What is the highest common factor of 9597106 and 4313?
227
What is the highest common divisor of 503967 and 1643?
31
What is the highest common factor of 7222319 and 10532?
2633
Calculate the greatest common divisor of 17645950 and 100.
